t the prime factors of b.
2, 3, 11
What are the prime factors of (0 + 4/(-12))/((-2)/594)?
3, 11
Suppose 1 = -4*d + 3*o, -3 = -2*d - d + o. Suppose -4*l + d*l + 296 = 0. List the prime factors of l.
2, 37
Suppose -4*s + 4*l + 5 = 29, 3*s + 22 = 5*l. Let i be (8 + 16/s)/2. Let f(j) = 35*j - 3. List the prime factors of f(i).
67
Suppose -6*r + 13624 - 2602 = 0. List the prime factors of r.
11, 167
Suppose -2*z - 12 = -6*z. Let c(t) = 3*t**3 - 2*t**2 - 3*t + 6. List the prime factors of c(z).
2, 3, 5
List the prime factors of ((-3)/(-9)*1)/((-4)/(-8004)).
23, 29
Suppose -5*k - 2*p = -1068, -5*k + 210 = -4*k + 4*p. List the prime factors of k.
2, 107
Let s(l) = -l**3 + 3*l**2 - l. Let x be s(2). Suppose 2*p = -2*d - d + 58, 62 = x*p + 2*d. List the prime factors of p.
5, 7
Let w = -396 + 712. What are the prime factors of w?
2, 79
What are the prime factors of 1/(-10) + (-504441)/(-510)?
23, 43
Suppose 0*d - 16 = -2*d. List the prime factors of ((-217)/(-28))/(1/d).
2, 31
Suppose -10 = -2*f, -2*f - 897 + 257 = -5*l. List the prime factors of l/18 + (-34)/153.
7
Let m(b) = 5*b**2 - 5*b + 5. Let n(c) = -4*c**2 + 6*c - 6. Let w(s) = 3*m(s) + 2*n(s). Suppose -6*t + 6 = -3*t. List the prime factors of w(t).
5
Let j(z) be the first derivative of -z**3/3 - 28*z - 1. Let i be j(0). Let u = 49 + i. List the prime factors of u.
3, 7
Let f(a) = -18*a - 10. Suppose 0 = 4*y - 6*y - 8. What are the prime factors of f(y)?
2, 31
Suppose 3*y - 12 = 0, o + 5*y + 310 = 3*o. Let c = -83 + o. List the prime factors of c.
2, 41
Suppose 0 = -u + 4*b + 208, 0 = 5*u - 4*b + b - 1074. What are the prime factors of u?
2, 3
Let r be (-4)/(-1)*(-2)/((-24)/(-63)). List the prime factors of (-1046)/(-7) + 9/r.
149
Suppose 8*v = 14*v - 3420. What are the prime factors of v?
2, 3, 5, 19
Let q(d) = -16*d - 1. Let t be (4/(-6))/((-2)/(-3)). Let y be q(t). Suppose 4*u = -u + y. What are the prime factors of u?
3
Let g = -248 + 176. Let a = 109 + g. List the prime factors of a.
37
Let l(a) = -9 + 5 - 12 + 5*a. What are the prime factors of l(4)?
2
Let n(t) be the second derivative of t**4/12 + 7*t**3/6 + 21*t**2/2 + 53*t. List the prime factors of n(-12).
3
Suppose -2*a - 44 + 12 = -3*l, 4*a + l = -64. Let y = a + 19. What are the prime factors of (-7)/(21/(-34))*y?
2, 17
Let w be (-10)/(-2)*(-4 - -1). Let y = w + 9. List the prime factors of (-94)/y + (-4)/(-12).
2
Let f(y) = 2*y**3 + 4*y**2 + 5*y + 4. Let z be f(-2). What are the prime factors of 0 - z*(-20)/(-3)?
2, 5
Let j(b) = 7*b - 3. Let k(l) = l. Let c(o) = -j(o) + 6*k(o). List the prime factors of c(-13).
2
Let z = 17 - -32. Suppose 7*f - 462 - z = 0. What are the prime factors of f?
73
Let j be ((-9)/(18/4))/((-2)/9). Let k(z) = z**3 - 8*z**2 - 4*z - 5. What are the prime factors of k(j)?
2, 5
Let a be -12*((-5)/(-2))/5. Let n = 16 + a. Let f(d) = -d**3 + 9*d**2 + 12*d + 2. What are the prime factors of f(n)?
2, 11
Suppose -q + 5*q = 32. Suppose 4*s - 8 = -4*f + q, f - 1 = 0. Suppose s*w - 53 = 25. What are the prime factors of w?
2, 13
Let o = 9 - -27. Suppose -6*t + 6 = -o. What are the prime factors of t?
7
Let r(m) = 7*m**2 - 5*m + 6. Let c(v) = v**2 + v. Let f(n) = 6*c(n) - r(n). Suppose -5*a - 25 = -5*z, 3*a = -3*z + 7*a + 13. What are the prime factors of f(z)?
2, 11
Suppose -n + 8 = n, -n = -2*b - 622. List the prime factors of (16/24)/((-2)/b).
103
Suppose -2*b + 3885 = 3*b - 5*a, a + 1557 = 2*b. What are the prime factors of b?
2, 3, 5, 13
Let n be 2 - (-2)/((-8)/3228). Let u be n/(-10) - (-2)/4. Suppose 27 + u = 3*q. What are the prime factors of q?
2, 3
Let c = -8 - -13. Suppose -c*b + 772 = -2*s, -4*s + 251 = 4*b - 361. What are the prime factors of b?
2, 7, 11
Suppose 452 = -4*f - 4*q, 46 + 59 = -f - 5*q. Let s = f - -138. What are the prime factors of s?
23
Suppose z = -4*o + 2656, 0*o + 4*z = 2*o - 1328. What are the prime factors of o?
2, 83
Let m = 15 - 11. What are the prime factors of -201*m/(-12) - 4?
3, 7
Let k(m) = 454*m**3 - 2*m**2 + 9*m - 8. List the prime factors of k(1).
3, 151
Let i(h) = -h**2 + 12*h + 16. Let g be i(13). Let u = 34 + g. What are the prime factors of u?
37
Suppose 5*j = 2*j + 243. Suppose 0*s - 5*s - 137 = 2*h, 5*s + 81 = -h. Let q = j + h. List the prime factors of q.
5
Let y(f) = 112*f - 9. Let t be y(-1). Let x = 179 - t. List the prime factors of x.
2, 3, 5
Let c = 2402 + 1866. What are the prime factors of c?
2, 11, 97
Suppose 0 = -2*r - i + 376 - 93, 268 = 2*r - 2*i. List the prime factors of r.
139
Suppose -8300 = 12*m - 22292. What are the prime factors of m?
2, 11, 53
Suppose h - 1 - 7 = -2*n, -3*h + 10 = -n. Suppose -k - h*k - w + 87 = 0, k + 4*w - 25 = 0. What are the prime factors of k?
17
Let c(r) = 20*r + 29. Let i be c(7). Suppose 12*k - 11*k = i. What are the prime factors of k?
13
Let m(z) = z**2 + 1. Let q(w) = -14*w**2 + w + 3. Suppose -4*j = -f - 0*f - 14, -j - 2 = -3*f. Let h(a) = f*m(a) - q(a). What are the prime factors of h(2)?
61
Let l(g) = 6*g**2 + 3. Let r(a) = -2*a**2 - 12*a + 11. Let h be r(-7). What are the prime factors of l(h)?
3, 19
Let h(f) = 3*f - 22. Let r = -36 + 44. Let i be h(r). Suppose 0*y = i*y - 136. What are the prime factors of y?
2, 17
Let i(a) = -8*a - 161. List the prime factors of i(-32).
5, 19
Let b be (-2)/3 - (-68)/12. Suppose -6*r + 338 = b*m - 4*r, 5*m + 4*r = 346. List the prime factors of m.
2, 3, 11
Let v = 1342 - 582. List the prime factors of v.
2, 5, 19
Let r(z) = 2*z**3 - 106*z**2 + 13*z + 185. What are the prime factors of r(53)?
2, 19, 23
Suppose -4*p + 16 + 4 = 0. Suppose -3*o + p*x + 87 = 0, 4*o + 3*x - 132 = -45. List the prime factors of o.
2, 3
Suppose -6*n - 39 + 435 = 0. Suppose -234 = -69*v + n*v. List the prime factors of v.
2, 3, 13
Let w(g) = 2*g**2. Let k(m) = -4*m**2 + m + 1. Let d(a) = 2*k(a) + 5*w(a). Let z be d(6). Let j = z + -56. List the prime factors of j.
2, 3, 5
Let k(j) = 67*j**2 + 14*j + 8. What are the prime factors of k(-2)?
2, 31
List the prime factors of ((-1284)/8)/(6 + (-255)/40).
2, 107
Let o = -1946 - -3828. List the prime factors of o.
2, 941
Let q(w) = 278*w - 21. What are the prime factors of q(6)?
3, 61
Suppose 4 = -c + 5. Let v be (9 - 8)*c*6. Suppose -270 = -v*d + 30. List the prime factors of d.
2, 5
Let a be (-480)/(-8)*2/4. Let g be 5/(-2)*(-1176)/a. Let l = g + -57. What are the prime factors of l?
41
Suppose 121 = -5*j - 49. Let h = 60 + j. What are the prime factors of h?
2, 13
Let c(t) = t**3 + 6*t**2 + 2*t - 2. Let w(u) = u**2 - 2*u + 5. Let j be w(5). Let m = 15 - j. What are the prime factors of c(m)?
13
Suppose 27 = 2*g - 5*z, 5*g + 7*z - 15 = 2*z. Let x(j) = j**3 - 5*j**2 - 4*j - 2. Let w be x(g). What are the prime factors of (8/w)/((-2)/(-35))?
2, 7
Let y be (-65)/(-25) + 6/15. List the prime factors of y/(17/(-9) - -2).
3
Let b(v) = v**3 - 6*v**2 + 4*v + 7. Let q be b(5). Let i = q + -2. Suppose i = -5*w - d - d + 142, 60 = 2*w + 4*d. List the prime factors of w.
2, 7
Let k(o) = -2*o**2 + 7*o - 1. Let h be k(4). What are the prime factors of (-119)/(-2)*(h/(-7) - -1)?
2, 3, 17
Let o(h) be the first derivative of h**4/4 - 2*h**3 - 5*h**2/2 - 4*h - 3. List the prime factors of o(7).
2, 5
Suppose 4*b + 5*z = -7 + 191, 3*b - 2*z = 138. Suppose -2*l + 5*x = 13, -4*x - 8 = 3*l - b. Suppose l*a - 8 - 130 = 0. What are the prime factors of a?
23
Suppose 0*r + 2*r + 4*d = 1504, 0 = -3*r + 3*d + 2301. Suppose -2*t - 3*g + 302 = -6*g, 5*t = 4*g + r. List the prime factors of t.
2, 7, 11
Suppose 12 = -5*w + 7*w. What are the prime factors of 3600/78 + w/(-39)?
2, 23
Let t(n) = 7*n**3 + 11*n**2 + 9. Let i(b) = -6*b**3 - 11*b**2 - b - 9. Let a(z) = -6*i(z) - 5*t(z). List the prime factors of a(-9).
3, 13
Suppose -2*z + 254 = -716. Suppose 5*i = 130 + z. What are the prime factors of i?
3, 41
Suppose 5*b - 10*b + 2770 = 5*f, -5*b + 2774 = 4*f. What are the prime factors of b?
2, 3, 31
Let s = -12 - -25. Let u(o) = -5*o - 3 + 7*o + o - 2*o. What are the prime factors of u(s)?
2, 5
Let u(g) = g**3 + 19*g**2 - 11*g - 40. List the prime factors of u(-18).
2, 241
Let u be 15/(-6)*(-4 - -2). Suppose 2*f - 4 = -0*f. Suppose f*j + 0*j - 5*g - 13 = 0, -g + u = 0. List the prime factors of j.
19
Let n(d) = 7*d**2 - 19*d + 4. What are the prime factors of n(-7)?
2, 3, 5
Let d(m) = 84*m 